24*(3/o + 6 + f).
2, 3
Let a(n) = -n**2 + 4*n - 5. Let i be a(3). Let s be -4 - i/((-4)/98). Let t = s - -102. What are the prime factors of t?
7
Let q(p) = p**3 - 10*p**2 - 19*p - 21. Let x be q(13). Let n = 4 + x. List the prime factors of n.
3
Let h = 116 - 68. Suppose h = -z - 92. List the prime factors of -4 + 5 - z/1.
3, 47
Suppose -40*q + 78198 = -455642. What are the prime factors of q?
2, 6673
Suppose 1337 = 2*f - 1359. Suppose 4*u + 0*s - 1778 = -3*s, 0 = 3*u - 5*s - f. List the prime factors of u.
2, 223
Let g = 29 - 25. Suppose 0 = 2*h - 4*x + 12, 0*h + 12 = 4*h + g*x. What are the prime factors of (20 + (-6)/1)*(13 + h)?
2, 7, 13
What are the prime factors of (4/(-5))/((-1)/(-26280)*-4)?
2, 3, 73
Suppose 5*l = o - 5, 0*o + 5 = o + 4*l. List the prime factors of 599 + (1 - (-4 + o)) + -5.
2, 3, 11
Let l = 10651 + -7151. What are the prime factors of l?
2, 5, 7
Suppose -3*c = 15, 0 = t + 4*t - 5*c + 5. List the prime factors of ((-116)/t + 2)/(24/108).
2, 3
Suppose 28*y - 27*y = -7985. What are the prime factors of (-2)/4 + 7 + y/(-10)?
5, 7, 23
Suppose -61 = 2*o + 5*y, 2*o + 8 = y - 23. Let r = o + 20. List the prime factors of ((-213)/r)/(54/(-36)).
71
Let r = 8784 + -4208. Suppose r = 47*y - 39*y. What are the prime factors of y?
2, 11, 13
Suppose -5*v = -3*a + 14447, -2 = -9*v + 8*v. List the prime factors of a.
61, 79
Let j = 253 + -235. Suppose 0 = j*a - 24*a + 1404. List the prime factors of a.
2, 3, 13
Let j be (-94)/((-2)/413*49/21). Let t be 34/12 - 3 - j/(-18). Suppose 3*d + t = 9*d. What are the prime factors of d?
7, 11
Suppose 4*t + 2*u - 31882 = 0, 4*u - 39 = -35. List the prime factors of t.
2, 5, 797
Suppose -17*r + 50 = -86. Suppose -17*j = r*j - 22475. List the prime factors of j.
29, 31
Let z = -1364 + 3132. Suppose 0 = 133*t - 141*t + z. List the prime factors of t.
13, 17
Let y(u) = 6311*u + 168. What are the prime factors of y(2)?
2, 5, 1279
Suppose 0 = 8*o - 7*o - 9. Suppose 2*n - o = -55. Let q = 62 - n. List the prime factors of q.
5, 17
Suppose -16*b = -29*b + 65. Suppose o - 100 = -b*h + 112, 0 = -o - 4*h + 214. What are the prime factors of o?
2, 3, 37
Let t(f) = 188 - 398 + 194 - 17*f. What are the prime factors of t(-3)?
5, 7
Let t(x) = -2*x**3 - 44*x**2 - 364*x + 96. What are the prime factors of t(-23)?
2, 11, 433
Let a be 4/16*2 - 507/6. Let h be (-26)/8 + (-21)/a. What are the prime factors of (3 - 4)/(h + 136/46)?
23
Suppose -39*p = 42333 - 111831. What are the prime factors of p?
2, 3, 11
Let n be (-27)/6*((-4)/(-6))/(-1). Suppose 0 = -c - 0*u + 2*u + 4, -n*c = -5*u - 12. Let s = 214 - c. List the prime factors of s.
2, 3, 5, 7
Let z(t) = 2*t - 44. Let u be z(21). What are the prime factors of 5*(2112/20 - (-2 - u))?
2, 3, 11
Let f = 13957 - -2987. What are the prime factors of f?
2, 3, 353
Let f(r) = 47*r**3 - 2 + 16*r**3 - 2*r**2 + 1 + 2*r. Let o be 0*6/12 - -1. List the prime factors of f(o).
2, 31
List the prime factors of 42055/3 + (-3)/(-18) - 35/14.
2, 3, 73
Suppose -3211 = -3*g + 2*u, 8*g - 7*g - 1070 = u. What are the prime factors of g?
3, 7, 17
Let r(j) = j**3 + 11*j**2 + 12*j + 1. Suppose -4*s + l - 45 = 0, 2*s + 2*s + 4*l = -20. Let g be r(s). Let p = g + 58. What are the prime factors of p?
3, 13
Suppose -22*h + 772506 = 18*h - 743334. List the prime factors of h.
2, 3, 1579
List the prime factors of 6327104/493 - 24/(-204).
2, 3, 23, 31
Let m(y) = -483*y**3 - y**2 - 3*y - 2. Let b = -69 + 68. What are the prime factors of m(b)?
3, 7, 23
Suppose 45*b + 393108 = 139*b. What are the prime factors of b?
2, 3, 17, 41
Let i(a) = 107*a - 1478. Let f be i(12). Suppose 0 = -l + 4*l + 252. Let y = l - f. List the prime factors of y.
2, 5, 11
Suppose 2*c + 313 + 247 = 0. Let v = 945 - c. List the prime factors of v.
5, 7
Suppose -90387 + 1345759 = 50*r - 1393528. List the prime factors of r.
2, 26489
Let w = 36766 - -28242. What are the prime factors of w?
2, 17, 239
List the prime factors of (14/(-2))/(24975/(-161915) + (-8)/(-52)).
7, 47, 53
Let u(i) = 5*i + 5*i + 9*i + 2*i - 13*i + 141. What are the prime factors of u(8)?
5, 41
Let t = -3028 - -1114. What are the prime factors of (-1 + -1)/(29/t)?
2, 3, 11
Let l(r) = -576*r + 4745. What are the prime factors of l(-7)?
67, 131
Let r(v) = -v**3 - 32*v**2 + 68*v + 9. Let h be r(-34). Suppose -3915 = -h*n + 2061. What are the prime factors of n?
2, 83
Suppose -3*y + 3105 = 5*c, 4*c - 3280 = -y - 789. Suppose -c = u - 7*u. What are the prime factors of u?
2, 13
Let g = -3596 + 3855. What are the prime factors of g?
7, 37
Let x = 37 - 47. Let k = 630 + x. What are the prime factors of k?
2, 5, 31
Let z(g) = -1. Let l(v) = -3*v**3 + 5*v**2 + 2*v - 5. Let q(t) = -l(t) + 3*z(t). Let c = 30 - 26. List the prime factors of q(c).
2, 53
Suppose 3*n + 2*q = 18372, -33*q + 31*q - 12268 = -2*n. What are the prime factors of n?
2, 383
Let q(m) = -m**3 - m**2 + 2*m + 19. Suppose 3*a = 6*a. Let w be q(a). Suppose 271 = 4*b + w. What are the prime factors of b?
3, 7
Let h(o) = o + 4. Let i be h(12). Let l be i*-2*4/(-2). Let u = 60 + l. What are the prime factors of u?
2, 31
Suppose -23 = 4*r - 83. Let d be -2 + r - (-5 + 9). Let q = 38 + d. What are the prime factors of q?
47
Suppose -23*v = -33*v + 5780. Let c = v - 32. What are the prime factors of c?
2, 3, 7, 13
Let w be (-7 + 4808/40)/((-2)/(-5)). Suppose 0 = 6*b - 677 - w. What are the prime factors of b?
2, 5
Suppose 4*t = 2*t + 6, -5*t = -4*i - 19. Let a be -4*(-4 + 5)*i/2. Suppose 3*d = 2*v + 12, 0*d - 2*d + a*v = -10. List the prime factors of d.
2
Let g = 174435 + -121844. List the prime factors of g.
7, 11, 683
Let i(q) = 44*q**3 - q**2 - 3*q + 5. Let z(p) = 3*p + 38. Let c be z(-12). What are the prime factors of i(c)?
347
Suppose 0 = -1079*d + 1093*d - 154798. List the prime factors of d.
11057
What are the prime factors of (956/6)/(143/26169)?
2, 61, 239
Suppose 2*h - 212 = j + 831, -4*j = -4. Suppose 3*w - 1 = -n - 2*w, -5*n - w = -53. Suppose n*g - 5*g = h. List the prime factors of g.
3, 29
List the prime factors of ((-43410)/8*82/(-205))/((-3)/(-6)).
3, 1447
Let w be 6/(-16) - 7641/(-24). Let v = w + -103. Suppose -v = -3*p - 26. What are the prime factors of p?
3, 7
Let h(a) = -a**3 - 9*a**2 - 15*a. Let x be h(-7). Let n = -2 + x. Suppose -38 = -3*w + 3*z + 4, n*w + 4*z - 25 = 0. What are the prime factors of w?
3
Suppose 118 = 14*x - 302. Suppose 2*i = -31*r + x*r + 307, 5*i - 10 = 0. What are the prime factors of r?
3, 101
Let z = 79 - 72. Suppose z*j - 3*j - 26 = -5*w, 0 = 2*w - 5*j - 17. Suppose 11*m + w = 50. What are the prime factors of m?
2
List the prime factors of 1001/286*(268754/63 - (-14)/(-63)).
2, 5, 1493
Let a = 498 - 868. Let f = -183 - a. List the prime factors of f.
11, 17
Suppose -4*f - 13112 = -4*g - 43224, -3*f + 22563 = 4*g. What are the prime factors of f?
5, 7, 43
Suppose -541 + 1 = 5*k. List the prime factors of (-7 + k/8)*-26.
13, 41
Let z(k) = -213*k + 153. Let x(b) = 85*b - 61. Let i(o) = -12*x(o) - 5*z(o). Let l = -6897 - -6901. List the prime factors of i(l).
3, 7
Let t be (107910/(-231))/(2/(-14)). List the prime factors of (2 - (-36)/(-15))/((-3)/t).
2, 109
Let w(c) = -105*c - 1. Suppose 0 = 8*y - 9*y + 58. Suppose -y + 56 = 2*d. List the prime factors of w(d).
2, 13
Suppose -28*z - 5487 = -21252 - 4451. List the prime factors of z.
2, 19
What are the prime factors of (6/(-21) - (-2994)/(-7))*(-786)/24?
107, 131
Let r(p) be the second derivative of 5*p**3/6 + 5*p**2/2 + 11*p. Let y be r(0). Suppose 4*s - 126 = -y*i + 70, 20 = 5*i. List the prime factors of s.
2, 11
Suppose 9*b = 15*b - 11406. Suppose 0 = -3*q + 12, 0*q - b = 5*h + q. Let w = 543 + h. What are the prime factors of w?
2, 3
Suppose 0 = -10*w - 2656 + 142656. Suppose -10*f + 2230 = -w. List the prime factors of f.
3, 541
List the prime factors of (-16)/(-168) + 7278736/336.
3, 29, 83
What are the prime factors of ((-76265)/245)/((-1)/21)?
3, 2179
Let g = 448 + -445. Suppose 4*y + 3*s - 4476 = 7*s, s + 3355 = g*y. List the prime factors of y.
2, 13, 43
Suppose 622 = 4*n - v, 4*v - 137 = 5*n - 909. Let g = 120 + n. List the prime factors of g.
2, 3, 23
Suppose 687823 + 142343 = 83*r. What are the prime factors of r?
2, 3, 1667
Suppose -19793 - 2893 = -3*r + 3*g, 0 = -5*g - 15. What are the p